
Let p(a) = -14*a**3 + 12*a**2 + 11*a - 7. Let l(j) = -14*j**3 + 14*j**2 + 13*j - 8. Let s(y) = 6*l(y) - 7*p(y). Let i = -752 + 751. What is s(i)?
-14
Let i = -585 - -570. Let z(h) = -h - 15. Give z(i).
0
Let m(x) = 126*x - 132*x + 408*x**2 - 409*x**2. Let k be -2 + -1 + 0 + 0. Give m(k).
9
Let h(d) = 7*d**3 - 6*d**2 + 6*d - 10. Let i be (-2)/4*14/(-7). Let a(j) = -182*j + 183*j - 1 + 2*j**3 - j**3. Let c(y) = i*h(y) - 6*a(y). Calculate c(6).
-4
Let s(f) = -15228*f**3 + 7578*f**3 - f**2 + 7621*f**3 - 6*f - 1 + 3*f. Determine s(-1).
30
Let x be (-3)/21 + ((-20)/7 - -2). Let y(o) = o + 2. Give y(x).
1
Let o(p) = -2*p**2 - 6*p + 5*p**2 - 4 + 4 + 1. Let b(w) be the third derivative of -w**5/20 + w**4/4 - w**3/6 + 88*w**2. Let m(g) = 4*b(g) + 5*o(g). Give m(4).
25
Let b(q) = -48*q + 1. Let a = 497 + -872. Let s = a + 376. Calculate b(s).
-47
Let g = -758 + 760. Let r(o) = -g*o + 13*o - 9*o. Let v = -1 + 4. Give r(v).
6
Let b be (-1 - 0)/(3 + -4). Let z(d) = 1 - d - 4*d**2 + d**3 + b + 3*d**2. Let u(f) = -f**2 + 216*f. Let v be u(0). Determine z(v).
2
Suppose 4*r = -a + 132 + 235, 5*r + 5 = 0. Let d = -372 + a. Let u(g) = 20*g**3 - 2*g**2 - 2*g - 1. What is u(d)?
-21
Let m(j) = 5*j**3 + 7*j**2 - 5*j - 3. Let v(k) = 11*k**3 + 15*k**2 - 11*k - 6. Let i(g) = -g + 4. Let t be i(-2). Let c(r) = t*v(r) - 13*m(r). Determine c(0).
3
Let c(v) = v**2 - 5*v + 6. Suppose 390 = -5*d + 7*d. Let p be d/165 - (-2)/(-11) - -4. Give c(p).
6
Let b(g) = -g**3 - 2*g**2 + 2*g + 1. Suppose 2*w - 6 = 4. Suppose -8 = 3*j - w*j - p, p = -5*j + 23. Suppose -k - j*u = 28, 2*k = -5*u + 8 - 39. What is b(k)?
4
Let s be (1 + (-88)/40)/((-1)/10*-4). Let w(o) = 13*o + 6. What is w(s)?
-33
Let w(j) be the first derivative of j**4/4 + 4*j**3 - 5*j**2 + 25*j + 1991. Calculate w(-13).
-14
Let j(p) be the third derivative of -p**6/120 - 13*p**5/60 + p**4/12 + 11*p**3/3 - 3364*p**2. Give j(-13).
-4
Let u(h) = -2*h - 37. Let j(f) = -4*f - 39. Let o(z) = 3*j(z) - 4*u(z). What is o(-11)?
75
Let l = 9925 - 9929. Let o(b) = 5*b**2 + 3*b + 7. Determine o(l).
75
Let m(v) be the first derivative of v**3/3 - 13*v**2 + 133*v - 1273. Give m(7).
0
Let n(j) = j**3 - 7*j**2 + 5*j - 1. Suppose -3*b = -116 + 38. Let i(k) = k**2 + 14*k + 50. Let m be i(-7). Let d be -1 + m - (-32 + b). What is n(d)?
-7
Let y(d) be the second derivative of d**6/360 - d**5/24 + 149*d**3/6 + d**2/2 + 97*d. Let r(v) be the second derivative of y(v). Calculate r(5).
0
Let u(t) = t**3 - 34*t**2 + 4*t - 135. Suppose q = -y + 26, -54*q - 4*y + 274 = -45*q. Calculate u(q).
1
Let o(h) be the first derivative of -1/6*h**3 + 2*h**2 - 1/120*h**6 - 10 + 0*h + 0*h**4 - 1/12*h**5. Let g(j) be the second derivative of o(j). Give g(-5).
-1
Let s be 2627/284 - 1/4. Suppose 3 = 2*h - s. Let w(t) = -t - 1. Let l(i) = 5*i + 4. Let f(a) = -l(a) - 6*w(a). Calculate f(h).
8
Let h(x) = -x**3 - 4*x**2 - 3. Suppose 9*r = 114 - 42. Suppose 0 = 8*v + 40 - r. Calculate h(v).
-3
Let a(x) = x**2 + 4*x - 11. Let u be 4/58 - 14616/(-7569). Determine a(u).
1
Let o(g) be the second derivative of g**4/12 + g**3/6 - 3*g**2/2 + 4*g. Suppose 0 = 3*d - 13 - 5. Suppose d*w = -2 - 16. What is o(w)?
3
Let h(p) be the first derivative of p**5/40 + p**4/6 + 61*p**3/3 - 30. Let s(b) be the third derivative of h(b). Give s(-4).
-8
Let v(y) be the first derivative of 11*y**2/2 + 68*y - 10724. Determine v(-12).
-64
Let h(n) = -n**3 + 5*n**2 + 6*n + 6. Suppose 0*z + z - d = 36, -4*d = 4*z - 160. Suppose -z*u + 17*u + 126 = 0. What is h(u)?
6
Let w(h) be the third derivative of 3*h**4/4 + 35*h**3/3 - 73*h**2 - 7*h - 1. Determine w(-5).
-20
Let r(j) = 6*j + 18. Let n be r(-3). Let p(h) = 3*h + 1. Let z(f) = -f**2 - 12*f - 5. Let m(s) = 4*p(s) + z(s). What is m(n)?
-1
Let n(s) = -30 - 7*s - 5*s**3 - 7*s**3 - 10*s + 13*s**3. Let i be n(-3). Let a(l) = -l**3 - 5*l**2 + 5*l - 2. Determine a(i).
4
Let v be 45/60 - (-1)/4. Suppose -2 = -3*p + v. Let h(d) = -72*d**2 - 2*d + 46. Let c(l) = -37*l**2 - l + 25. Let i(z) = 11*c(z) - 6*h(z). What is i(p)?
25
Let k(r) be the first derivative of -r**4/4 - 20*r**3/3 + 2*r**2 + 47*r + 4473. Determine k(-20).
-33
Let p(n) = 2*n**2 - 9*n - 11. Let h be p(-2). Suppose 0 = -h*g + 65 + 55. Let o(v) = -v**3 + 8*v**2 - 2*v - 2. Give o(g).
-18
Suppose 3 = d + 3*l - 6, 0 = -3*d - l + 27. Let g(s) = s**2 - d + 4 - 5*s + 8 + 2. Determine g(5).
5
Let x(t) be the second derivative of 3*t**5/20 + t**4/6 + t**2 + 5*t + 11. Let j = 2426 + -2424. Determine x(j).
34
Let b(d) be the first derivative of 5*d**2/2 - 117*d - 9. Let h be b(24). Let m(v) = -4 + 2*v + 0*v + v**2 - 13*v + 9*v. Give m(h).
-1
Let h(t) be the first derivative of -t**4/4 + t**2 + t + 147. Let n(r) = r**3 - 7*r - 5. Let s(a) = -4*h(a) - n(a). Suppose 0 = -7*u + 2*u + 5. What is s(u)?
3
Let s(l) = l**2 - 10*l - 8. Let o be s(11). Suppose 3*a = 3*g, -3*g - o*a + 2*a - 8 = 0. Let f(r) = 2*r**2 - r. Give f(g).
10
Let y(s) = -3*s + 3*s**2 + s**2 + 2 + 2 + s**3. Let h be 4 + 3 + 0 + 5 + -12. Suppose t - 31 + 28 = h, z - 3*t = -14. What is y(z)?
-6
Let v be 26/10 - (5 - (-81)/(-15)). Let g = 14 + -11. Let o(b) = g + 0*b + 0*b**2 - b**2 + b. Give o(v).
-3
Let u(b) be the first derivative of 0*b - 30 - 9/2*b**2 + 1/2*b**3 + 1/12*b**4. Let y(o) be the second derivative of u(o). Determine y(5).
13
Let a(k) = 10*k + 5. Let q(w) = -33*w - 8. Let i(s) = -18*s - 4. Let r(x) = 5*i(x) - 3*q(x). Let g(d) = 3*a(d) - 4*r(d). Give g(-5).
29
Suppose 125*h - 52 = 123*h. Suppose 13*u + 0 = -h. Let d(k) = k**3 - 3*k - 1. Calculate d(u).
-3
Let z(p) = p**3 + 28*p**2 - 29*p - 9. Suppose 22*a - 37*a = 66*a + 2349. Calculate z(a).
-9
Let j(f) be the third derivative of 1/24*f**4 + 1/30*f**5 - 1/3*f**3 + 0 - 23*f**2 + 0*f. Give j(-3).
13
Suppose -28*s - 58*s + 1800 = 34*s. Let p(n) = n**2 - 11*n - 68. Calculate p(s).
-8
Let w(v) = -2*v**2 - 2*v + 2. Suppose -5*d = -2*u - 18, -264*u + 260*u + 5*d - 16 = 0. Determine w(u).
-2
Let b = 189 + -189. Suppose h + 5*j - 12 = 0, b = -2*h + 9*j - 7*j + 12. Let l(k) = k**3 - 8*k**2 + 4*k + 8. Give l(h).
-13
Let q be (-16)/(-2)*((-105)/(-10) - 4). Let v be (q/24)/(2/4)*3. Let g(f) = 0*f**3 - 11*f**2 + 3542*f + f**3 - 3*f**2 - 3530*f + 10. Determine g(v).
-3
Let i(z) = 1. Let c(x) = 5*x - 6. Let n(s) = c(s) + 2*i(s). Let b = 241 - 275. Let d(m) = m + 37. Let g be d(b). Calculate n(g).
11
Let g(x) = x**3 + 5*x**2 - 7*x - 6. Let v be g(-6). Let u(o) be the third derivative of -o**4/12 + 4*o**3/3 + 7*o**2 - 9*o + 310. What is u(v)?
8
Let x(o) be the second derivative of -o**6/120 + 7*o**5/60 + 3*o**4/8 - 5*o**3/6 + 67*o**2 - 3*o + 1. Let z(u) be the first derivative of x(u). Give z(8).
3
Let l(n) = -n. Let c(g) = 4*g - 1. Let r(w) = 2*c(w) + 7*l(w). Let k(d) = -122*d**2 - 2 - 2*d - 122*d**2 + 246*d**2 + 7*d. Let z be k(-4). Give r(z).
8
Let j(f) = -6*f + 29. Let n be (-1 + (-14)/(-4))*(167 - 165) - -5. Determine j(n).
-31
Let j = -251/2 + 126. Let f(d) be the third derivative of -1/24*d**4 + 0*d + 0 - 5*d**2 + j*d**3. Calculate f(0).
3
Let t(h) = -25*h - 17. Let y be t(-1). Suppose -q = 0, 3*q + 45 = 3*m - y*m. Let x(r) = -r**2 - 11*r - 13. What is x(m)?
5
Suppose -x + 0*x = 43. Let s = x - -44. Let f(q) = 203*q**3 + 7*q - 9*q**2 - s + 2*q**2 - 202*q**3. Determine f(5).
-16
Let u(g) = 59377*g - 105 + 59377*g - 118741*g. What is u(9)?
12
Let u(l) = -6*l**2 + 2*l + 1. Let f be 4 + 0 + (-14 - -7). Determine u(f).
-59
Let i = 39 + -36. Let v(d) = 7*d**3 + 1 + 8*d**3 - 35*d**i + 7*d**3 - 2*d**2. Let f be (-12 + 13)*(2 - 1). What is v(f)?
-14
Let u(b) be the third derivative of -19*b**4/24 + 21*b**3/2 - 3421*b**2. Give u(3).
6
Suppose -6*j = -1 - 11. Suppose 0 = -2*d - j + 42. Let y(c) = -d + 28 - 6*c + 4*c. Calculate y(6).
-4
Let t(i) = -i**2 + 4*i - 1. Let r(y) = -2*y**2 - 10*y. Let n be r(-9). Let h(c) = -5*c + 45. Let z be h(-6). Let s = z + n. Give t(s).
2
Let z(h) be the third derivative of -89*h**4/24 - h**3/3 + 49*h**2 + 97. Calculate z(-1).
87
Let h(a) = 6*a + 296 - 7*a**2 + a**2 - 551 + a**3 + 256. Suppose 3*p + p - 20 = 0. Let v be h(p). Let f(j) = -2*j + 8. Give f(v).
-4
Suppose 4*l - 10 = 2. Let j(t) be the first derivative of t**4/4 - 2*t**3/3 - t**2/2 - 4*t + 2410. Determine j(l).
2
Let d be -129*(0 - 2)*(13846/276 + -50). Let f(v) = -v**2 + 47*v - 147. Give f(d).
25
Sup